he hundreds digit of a?
6
Suppose -4 = -4*c, c + 18 - 15 = -2*y. Let z(m) be the second derivative of -17*m**5/20 - m**4/6 - m**3/3 - 2*m**2 + m. What is the hundreds digit of z(y)?
1
Let w = -22 + -20. Let s be -3*(12/w)/(6/14). What is the units digit of ((-2)/(-5))/(s/80)?
6
Suppose 55*x = 560576 + 248089. What is the ten thousands digit of x?
1
Suppose -3*u + 4*s + 14 = 0, 2*s = 7*u - 3*u - 2. Let b(h) = -34*h**3 - h**2 - 3*h. What is the units digit of b(u)?
4
Let d(s) = 13*s**2 + 89*s - 1448. What is the units digit of d(42)?
2
Let d = -7174 - -8438. What is the thousands digit of d?
1
What is the thousands digit of (-20251882)/258*(-3)/7?
3
Let s = 73 + -65. Suppose -4*g = 4*v + 4, 8*g = 4*g + 5*v + 23. Suppose n - 6*j + j - 117 = 0, s = g*j. What is the hundreds digit of n?
1
Let p = -58 - -137. Suppose 9*w - 12*w + 126 = -54. Let u = p - w. What is the tens digit of u?
1
Suppose -2*x + 225 + 8635 = -3974. What is the thousands digit of x?
6
Let j(y) = 14*y - 79. Let f be j(6). Suppose -5544 = -f*a + 856. What is the thousands digit of a?
1
Suppose -15 = -3*u + 5*n, -u + 2*u + 2*n - 16 = 0. Suppose u*o = -7*o + 12580. What is the tens digit of o?
4
Let p be 1271 + (-16)/8 + 1 + 4. Suppose 8*f + 6*f = p. What is the units digit of f?
1
Suppose 11*x = 6*x - 4*t + 11, -4*x + 4*t + 16 = 0. Let k(q) be the third derivative of 79*q**4/24 - 7*q**3/2 - 4*q**2. What is the tens digit of k(x)?
1
Let x = 40 - 48. Let l = 16 + x. What is the tens digit of (-18)/15*(-460)/l?
6
Let q(r) = 4*r**3 - 19*r**2 + 11*r - 545. What is the tens digit of q(14)?
6
Let d(z) = 30670*z + 2044. What is the tens digit of d(2)?
8
Suppose 4*j = 2*w - 4, 0*w = 4*j - 5*w + 16. Let n be (-1)/(-5) - (j + 63/(-35)). What is the tens digit of (2 + (-10)/(-7))/(n/7)?
2
Suppose 78*j = -49*j + 2525268. What is the ten thousands digit of j?
1
Let n(y) = 6*y + 21. Let a be n(-3). Suppose -16*s - a*s + 7847 = 0. What is the tens digit of s?
1
Let a(m) = 279*m**2 - 16*m + 24. Let r be a(5). Suppose -576*p = -587*p + r. What is the tens digit of p?
2
What is the units digit of (396/66)/((-10)/(-50975))?
5
Let w = -4477 + 5663. What is the tens digit of w?
8
Let m = -299 + 300. What is the tens digit of m/(-2) - (-66)/4 - 2?
1
Suppose 0 = -8*y + 3*y + 20. Let u(g) = y - 2 + 14*g - g**2 + 8 - 3. What is the tens digit of u(8)?
5
Suppose -807*z + 482*z + 22665531 = 8595956. What is the units digit of z?
1
Let h(w) = 4*w**2 + 12*w - 75. What is the thousands digit of h(-27)?
2
Suppose 55*b = 54*b - 5*z + 4471, -2*z = -4*b + 17862. What is the thousands digit of b?
4
Let r(o) = 15 - 74 + 36 - 140 - 85 + 31*o. What is the hundreds digit of r(29)?
6
What is the tens digit of 190790/4 - 195/(-390)?
9
Suppose -2*f = -0*f + 2*c + 2, 2*c = -10. Let k be 11/f - (-4)/16. Suppose -3*h + 0*h + 2 = 5*m, 10 = k*h + m. What is the units digit of h?
4
Let u be (25 - 20)/((-10)/(-12)). Suppose l - 177 = 3*p, -l + 179 = p - u*p. Suppose 3*k = 6*k - l. What is the units digit of k?
8
Suppose 377613 = 5*t + 1091*l - 1087*l, -t + 75529 = 4*l. What is the tens digit of t?
2
Let d = -81962 - -157068. What is the tens digit of d?
0
Suppose -20*l = -21*l. Suppose 4*k = 0, -3*k = 4*q - l*q + 464. What is the units digit of 1 + q/(-2) - (8 - 6)?
7
Let n(a) be the third derivative of -1/24*a**4 + 1/6*a**3 + 1/60*a**5 + 0 + 16*a**2 + 0*a + 51/40*a**6. What is the tens digit of n(1)?
5
Let r(k) be the second derivative of 7/6*k**3 - 14*k - 1/12*k**4 + 0 + 3*k**2. What is the tens digit of r(4)?
1
Let m = -543 + 554. Suppose -7*f + 6*f = -30. Suppose -5*z - 5*c + f = 0, -3*z + 14*c - m*c = -12. What is the units digit of z?
5
What is the hundreds digit of 12/30 - (-30312)/45?
6
Let z be 2/(-8) - (-571)/(-4). Let m = 3258 + -3059. Let r = m + z. What is the units digit of r?
6
Suppose -4*d + 14848 + 9164 = 3*k, -16008 = -2*k + 4*d. What is the thousands digit of k?
8
Suppose 2*k - g = 46955, -37*g + 38*g - 140837 = -6*k. What is the ten thousands digit of k?
2
Let a = 9 - 2. Let g(p) = 6*p**2 + 16. Let h be g(a). What is the hundreds digit of (-10)/(-25)*(0 + h)?
1
Suppose 271 = 5*w - 5*k + 2796, 5*k = -25. Let z = w + 809. What is the tens digit of z?
9
Let p(u) = 25 - 4*u - u - 15 + 4*u. Let f be p(6). Suppose -s + 5*a + 22 + f = 0, 0 = 4*s - 5*a - 149. What is the tens digit of s?
4
Let v(o) = 67*o**2 - 7*o + 116. What is the tens digit of v(21)?
1
Suppose -50 - 6 = -8*n. Suppose -n*t + 827 = 197. What is the hundreds digit of (22/(-5))/((-3)/t)?
1
Let z be -3 + 4/2 - 219. Let n = -657 - -598. Let r = n - z. What is the units digit of r?
1
Suppose 3*c = w + 2*w + 9, -4*c + 12 = -5*w. Suppose -604 = -8*z + 548. Suppose 3*y = -m - 2*m + z, 3*y + 4*m - 144 = w. What is the tens digit of y?
4
Let n be (185337/24)/(-3) + (-18)/(-144). What is the units digit of (-26)/((n/(-258) - 6) + -4)?
8
Let d = 33 + -26. Let g(a) = 2*a**2 - 12*a + 10. Let v be g(d). What is the tens digit of (v/36)/(2/111)?
3
Let f be (426/5)/(4 + 290/(-75)). Let o = f + -133. What is the units digit of o?
6
Let x = -181 - -181. What is the tens digit of x*4/(-20) + 44?
4
Let h = -847 - -844. What is the tens digit of h/(195/(-10)) - 31266/(-78)?
0
Let h = -757 - -759. What is the hundreds digit of -6 + (816/60)/(h/25)?
1
Suppose -2*o + o + 2*b = -84, b - 5 = 0. Let a = o - -156. What is the units digit of a?
0
Let c = 69 - 25. Suppose -1 + 10 = 8*y - 7. Suppose -c = -k - 2*d, -k + 260 = 4*k + y*d. What is the tens digit of k?
5
Let k = -1747 + 721. Let f = -386 - k. What is the hundreds digit of f?
6
Let s(a) = -a**3 + 41*a**2 - 5*a - 78. Let d be s(33). Suppose -9*j + d + 2763 = 0. What is the hundreds digit of j?
2
Let f(k) = 520*k**2 + 5*k + 7. Let j be f(-1). Suppose -j + 1962 = 5*x. What is the tens digit of x?
8
Suppose -3*g = -y + 973, -y + 2*y + 5*g - 1013 = 0. Suppose 4*p + w = 2*w - y, -4*p - 980 = -3*w. What is the tens digit of p/(-7) + 45/(-105)?
3
Suppose 5*c - 5651 = -2*d, c + 5627 = 2*d - 2*c. Suppose -h = 4*k - 3756, 3*k - 4*h = -5*h + d. What is the tens digit of k?
3
Let y(o) = -3*o**2 + 3*o + 27*o**2 - o**2 - 4. Let u be y(-3). Suppose -527 + u = -3*x. What is the units digit of x?
1
Let p(c) = 8*c**2 - c + 18754. What is the tens digit of p(0)?
5
Let s(g) = 12*g**2 - 16*g - 5. Let j(w) = 8*w**2 - 11*w - 3. Let r(d) = -7*j(d) + 5*s(d). Let o be 7 + 5/((-40)/32). What is the tens digit of r(o)?
2
Let j(r) = 49*r**2 + 25*r + 37. What is the hundreds digit of j(-10)?
6
Let i = 22600 + -20321. What is the hundreds digit of i?
2
Suppose 3*k + 534 = 5*u - k, 4*u - k = 436. Suppose 4109 = u*h - 103*h. What is the hundreds digit of h?
5
Let n = 272 + -279. Let t(q) = -20*q + 25. Let r(y) = -41*y + 50. Let x(w) = -4*r(w) + 9*t(w). What is the units digit of x(n)?
7
Let c = 5 - -2. Let v(m) = -8*m - 10. Let z(h) = 3*h + 5. Let w(j) = -3*v(j) - 7*z(j). What is the tens digit of w(c)?
1
Suppose 908 = 5*q - q. Let y = 651 - 647. Suppose -l - 2*n + q = 21, 5*n - 818 = -y*l. What is the tens digit of l?
0
Let c be 102/34 - (-4 - -1). Suppose -c*q + 719 = -55. Suppose 48*r - q = 47*r. What is the units digit of r?
9
Suppose 0 = -4*c - r + 980, 3*c + 2*r - 735 = -r. Suppose c*d = 237*d + 480. What is the tens digit of d?
6
Suppose 74*c - 83*c + 69*c - 643380 = 0. What is the hundreds digit of c?
7
Let t(o) = 9*o**3 + o**2 + 3*o - 9. Let w be (-2)/28*-2 - 320/(-112). What is the hundreds digit of t(w)?
2
Suppose -72 = -45*m + 36*m. Suppose 6*f + m*f + 3626 = 0. What is the tens digit of (4/(-3))/(-3 + f/(-87))?
5
Suppose 2*f + 3 = 1, 3*u = 5*f + 11123. What is the tens digit of (-6)/24 - u/(-8)?
6
Let d = -72 + 88. Let c(g) = -g**3 - 1 - 4 - 3*g**2 + 21*g + 18*g**2. What is the units digit of c(d)?
5
What is the hundreds digit of (2574/30)/(-8 + (-3605)/(-450))?
7
Let v(g) = g**3. Let w(h) = -3*h**3 - 2*h**2 + 7. Let q(i) = -5*v(i) + w(i). What is the tens digit of q(-2)?
6
Let k(s) = 35*s + 6. Let p be k(8). Let o be (4 - p)*1/(-2). Suppose -m - 3*q = -0*q - 141, -4*q - o = -m. What is the hundreds digit of m?
1
Let y(z) = -15*z - 164. Let t be y(0). Let l = t - -452. What is the units digit of l?
8
Let r = 38651 - 22566. What is the tens digit of r?
8
Let t(k) = 1736*k + 543. What is the thousands digit of t(2)?
4
Suppose -4*y + 4306 =